s the value of -12 - (-5 - (-29 - -26)) - (-1 - (-26 - 0))?
-35
Evaluate 2 + -9 - (23 + 27) - (-1 + -1 - -1).
-56
(12 - (14 + (-4 + -12 - -1))) + -82
-69
1 - 116 - (-2798 - -2709)
-26
Evaluate (0 - (-23 + 8)) + -7 - 25 - (8 - 1).
-24
Calculate -39 + (199 - (50 - (97 + -50))).
157
What is (-76 - -88) + -1 - 14?
-3
Evaluate (31 - (-9 + 61)) + (8 - -42).
29
Calculate 1 - 1 - 5 - (-49 - (-52 + -7 + 47)).
32
145 + -147 + -7 + -17 - -42
16
What is the value of -118 + 110 - (15 - 12 - (54 + 0))?
43
-17 + (25 - (-4 - -54) - -108)
66
Evaluate 0 - (25 - (-47 - -64) - (-1 - (-1 + -60))).
52
Evaluate 2 - (-11 - 2 - ((-16 - (9 + -31)) + -4)).
17
Evaluate -33 - (18 - 107 - -45).
11
Evaluate -9 + 4 - 4 - ((-47 - -4) + (-11 - -2)).
43
Calculate (-44 - -1) + 2 - (-4 + -14).
-23
-26 - (27 + -7 - 37)
-9
Calculate (-2 + 12 + -17 - (-25 + -5)) + 12 + -3.
32
Evaluate (32 + -11 - 25) + (13 - 1) + (0 - -28).
36
Calculate (-169 + 156 + -25 + -2 - (-6 + -2)) + -7.
-39
What is the value of 14 - ((-24 - (2 - -1)) + 16 - -32)?
-7
Calculate (-20 - 65) + 96 + (-13 - 2).
-4
Evaluate (537 - 495) + (-14 + 7 - -17).
52
Calculate 73 - (152 - 52) - 20.
-47
What is the value of 1 - -8 - ((-2 - 19) + (-16 - (-18 + -15)))?
13
6 + -11 + 22 + -11 + 7 + -51
-38
What is the value of -139 + 19 - (-68 - 10)?
-42
(33 + -44 - (3 - -19)) + 3 + 2 + -9
-37
Evaluate 861 + -994 - (-16 + -3).
-114
-1 - 22 - 1 - (42 - (-23 - (-95 + 25)))
-19
Evaluate -9 + (-6 - 33) + (-12 - (-4 + -2)) + 9.
-45
What is the value of 42 + -55 - (12 + -17 - -11)?
-19
Calculate (-92 - (-13 - 19 - -9)) + -12.
-81
What is the value of -11 + (13 - 58) + 1 + 9 - -3?
-43
What is (2 - 5) + 2 + 8 + 65 + -10 + -10?
52
(31 - 2) + 62 + -69
22
Evaluate 1 - (-15 - -42) - (36 - 44).
-18
Evaluate -38 + (73 - 2 - -17).
50
What is (4 - 4 - 4) + -3 - (1365 + -1374)?
2
What is -57 + 17 + 79 - 21?
18
32 + -6 + 8 + -66
-32
What is the value of 27 - ((222 - 199) + (-8 - -1))?
11
Evaluate 100 - 11 - (-6 + 4 - (11 - 8 - 5)).
89
What is the value of 33 + 1 + -17 + -9?
8
Calculate -2 + 5 + 17 - (53 + -59).
26
Evaluate -1 + 5 + 1 - (-89 + (-97 - -98) + 39).
54
Calculate (9 - -1) + (21 - 25) + -16 - -41.
31
Evaluate -15 - (24 + -44 + -46).
51
What is the value of 64 + (-19 - -14) + -25 + 16?
50
What is -137 - (118 - 120 - 31)?
-104
Calculate -39 - (0 + (9 - -4) + 13 + -23).
-42
Calculate 174 + -44 + -60 + -79.
-9
59 + -543 + 463 + -41 + (2 - 1)
-61
Calculate -42 + (2 - 2) - (31746 - 31702).
-86
Evaluate (-14 - (22 + -29 - 21)) + -77 + -1.
-64
Calculate (40 - -5) + (-3 + 15 + -16 + -9 - -13).
45
Evaluate -4 + -1 + (-13 - -16 - 3) - 6 - -67.
56
Evaluate -15 + -11 + 17 + -34.
-43
-64 - (14 + 13 + (-19 + 14 - 27))
-59
What is the value of -71 - ((45 - 29) + -10)?
-77
What is (3 - -3) + 2 - (-3 - -5) - (6 - -34)?
-34
Calculate 17 - (-22 + (0 - -13) + -52 + 25).
53
What is 2 + (13 - (-2 + (12 - 14))) + -7 + 0?
12
What is the value of (1014 + -1032 - (1 - 33)) + 85?
99
What is the value of 102 - 92 - (-9 + -2 + (-2 - -6) - -9)?
8
Calculate -235 + 177 + 1 + 63.
6
What is the value of -6 + -2 + (59 - 130) + (-154 - -167)?
-66
1 + 11 + -16 - (6 - 19) - 64
-55
Evaluate (-2490 + 2443 - (3 - 7)) + (1 - 1 - 0).
-43
What is 17 + 33 + -56 + -9 + -1 + -7?
-23
What is the value of -96 + 145 + (-2 - -3) - (1 - 7)?
56
Evaluate -32 - -4 - (425 - 408).
-45
Evaluate 3 + 10 + ((-5 - -16) + -8 + 8 - -73).
97
What is (-387 - -368) + 26 + -2 - (31 + 2)?
-28
What is the value of 16 + -53 - (56 - 72)?
-21
Calculate (12 - -1) + -52 + (-3 - (-15 - -14)).
-41
What is (-11 - (-12 - -2)) + 16 + -8 + -8 + 8?
7
What is (109 - -22) + (-2 - -3) + 0 + (26 - 32)?
126
What is the value of -110 + -63 + (-65 - -159)?
-79
What is the value of -19 + (113 - 30) + (-7 - 14)?
43
(51 - -3) + (34 - 44) + 25 + -13
56
Evaluate -19 + 1 - (-12 - -1) - (5 - -12).
-24
What is (-57 - -9) + -75 + 152 - -32?
61
Calculate 1 + 1 - (46 + (-18 - 36)).
10
Evaluate 1 - 0 - ((69 - 0 - 0) + (-17121 - -17132)).
-79
(-76 + 25 - -26 - -35) + -1 + -5 + 81
85
What is the value of (46 - (4 + 17)) + (23 - -4)?
52
What is the value of -22 + 70 + -58 + 62?
52
Evaluate (1 + -49 - (-1014 + 859)) + -1 + -7.
99
(0 - -2) + 54 + -156 + 93
-7
What is the value of 8 + (-144 - -160) + -2 + -4?
18
44 - ((40 - 21) + 1 - (5 - -9))
38
-28 + 3 + (67 + -75 - (-10 - 3))
-20
What is 6 + -2 - (-12 + 12 + -15 - -13) - -75?
81
-293 + 321 + -2 + -13 + 0 + -14
-1
-54 + 4 + (-23 - -8) + (-8 - -26)
-47
Calculate 52 - 2 - (-2 + 0 + 0 + 12 + -4).
44
14 - 16 - (5 + 46 + (9 - 9))
-53
What is -26 + 1 + 0 + (20 - 22) + 3?
-24
Calculate 10 + (-55 - -66) + (-2 + 3 - -34).
56
-123 + -147 + 287 - (0 + (-1 - -34))
-16
Evaluate 31 + 21 + -22 + -29.
1
235 - 86 - (50 - -72)
27
(3 - 5) + 21 - (234 - 253) - -16
54
Calculate 38 + (-216 - -204) - (1 - -112).
-87
What is the value of -5 - (-3 + (-11 - (-66 - (8 - 14) - 3)))?
-54
Calculate (244 - 269) + -17 + -1.
-43
Evaluate (36 + 15 - (-24 + -24 + 66)) + -11.
22
Calculate (-3021 - -3018) + (0 - -4).
1
Evaluate -298 + 231 + -43 + 6 + 16.
-88
-58 - (25 - (6 + (28 - 14))) - 19
-82
What is -5 + 39 - (-7 + (-3 - (-7 - 1 - -6)))?
42
Evaluate 48 + (32 - 86) + -41.
-47
Evaluate (3 - 18) + 14 + -11 + -39.
-51
Evaluate 0 + 26 - (-14 - (-13 + 0 + 6 + -8)).
25
What is -9 + 5 + (-20 - -32) + -32 + 18?
-6
Calculate 118 - 92 - (-11 - (3 + -36)).
4
Evaluate 12 + (-119 - -8) + 96.
-3
Evaluate (-8 - -10) + -4 + (7 - -2) + (-3 - 1).
3
Calculate (-32 - -73 - (6 + -12)) + -17.
30
Calculate -8 + -31 + (-14 - -24 - -2) + 11.
-16
(-1836 - -1839) + 3 + -50
-44
What is 1 + -3 - -9 - (9 + 39 + -19 - -11)?
-33
Calculate 1 - 0 - -36 - (87 + -19 - 39 - 29).
37
What is the value of 6 + (-2 - -1) - (122 + (209 - 339))?
13
Calculate -19 - 2 - (27 + -26 - -17).
-39
Evaluate -1 - (0 - 6) - (1123 - 1131).
13
What is the value of (-76 - 2) + (-4 - (-21 + -3)) + (-3 - 24)?
-85
Evaluate -23 + 8 - (59 + -44).
-30
Evaluate (-2 - -56) + (-830 - -806) + -77.
-47
Calculate -7 - ((24 - -21) + -31).
-21
Calculate 78 + (9 - (26 - -29)).
32
-5 + (78 - (11 - 12) - (-20 + 13 + 11))
70
What is the value of 5 + (-13 - -4 - -21 - -12) - -9?
38
(-7 - -3 - -2) + 89 + -89 + -1 + -75
-78
What is the value of -11 + (0 - -31 - (-46 - -85 - 30)) - 110?
-99
What is -15 + (11 + -40 - 25) + -16?
-85
49 + -5 - 28 - (3 + -19)
32
What is -2 - (-2 + -3 - (2 - (-29 - 9)))?
43
Calculate 51 + (-2 - 5) - (-441 + 474).
11
Evaluate 280 + -197 - (-11 + 119).
-25
What is the value of -13 + (-7 - (-36 + -10))?
26
What is -26 - -88 - (2 - 2) - (10 - (-5 - -5))?
52
What is the value of 63 + (-41 - 7) + 38 + -23?
30
(-56 - -49) + 26 - 34
-15
Calculate 30 + -39 - 1 - (37 - 150).
103
Evaluate 1 + -2 + 9 - (3135 - 3176).
49
What is the value of -3 + (22 - 135) + -111 + 93?
-134
Evaluate -35 - (-61 - -25 - -41).
-40
Evaluate -5 + 1 + -11 + (1 - -1) - (-45 - -44).
-12
Evaluate -1 + -3 - (11 + 1 + 0) - (-36 + 28).
-8
1838 + -1807 - (-20 + 2 + 0)
49
What is the value of 4 + 8 - (-33 + 12 + 16 - -7)?
10
What is the value of (35 - (26 + (7 - -30))) + -3?
-31
(-20 + 21 - (2 + 2 - 21)) + -29
-11
Evaluate (0 - 19) + 5 + -3 + -13601 + 13605.
-13
What is the value of -87 + -38 + 53 - (-27 - 10)?
-35
Calculate -1 + -32 + 65 + -47.
-15
Calculate 29 - (-2 + (95 - (-13 + -1))).
-78
Evaluate -32 - -19 - (-5 + (18 - 11) - -14).
-29
(-21 - (-18 - (9 + -18)) - -3) + 45 - -8
44
What is the value of -13 + 4 - (1 + 57) - (78 + -88)?
-57
What is 6 + 5 + -19 - (4 - -1)?
-13
Evaluate 0 + 7 + (-6 - (21 - 37)) + -131.
-114
7 + 2 + 16 + -37 - 11
-23
Calculate 15 + (30 - (17 + (-17 - 0) - 12)).
57
Evaluate 2 + 12 + (39 - ((44 - 6) + 73)).
-58
What is the value of (-31 - (-57 + (-33 - -67))) + 6 + -1 + -82?
-85
What is -29 - (-6 + 17 + -29) - (0 - -52)?
-63
Calculate -48 + 52 + 25 + -92.
-63
Evaluate 1 + 2 + 1 + -10 - (15 - 34) - 27.
-14
Evaluate -1 + -27 + (-431 - -466).
7
Evaluate 1 + -6 + 3 + 33 + -41 + 10 + 10.
10
Calculate -35 + 37 - (19 - 30 - -10 - (-65 - -1)).
-61
Calculate 11 - (-6 - (7 - 11 - 4)) - (20 - 23).
12
1 - 3 - (-2 + (8 - 14)) - (-427 - -470)
-37
What is 27 + (-14 - (-2 - 1)) + (-54 - -54)?
16
What is the value of -42 - (-109 - (-13 + -27))?
27
Evaluate -5 + (-7 - -6 - -23) - (123 + -10).
-96
What is 0 - -38 - (81 + (-66 - 11))?
34
(-173 - -54) + 107 + (12 - 0)
0
What is the value of 70 + -65 + 7 